f 10 - 2*y - 2*y**3 + 1/4*y**4 + 2*y**2. What is g(5)?
-7
Let x(v) = 2*v**2 + v - 1. Let s be x(3). Suppose -s = -5*p - 0. Let n(k) = -k**2 + 4*k + 1. Determine n(p).
1
Let w(z) be the second derivative of 1/6*z**3 - 1/4*z**4 + 2*z + 1/20*z**5 + 0*z**2 - 1/360*z**6 + 0. Let a(s) be the second derivative of w(s). Determine a(4).
2
Suppose 0 = 2*f + l, f - 3*l - 8 = 3*f. Let s(j) = 5 + 3*j**2 - 1 - f*j**2 - 5*j + 0. Determine s(4).
0
Let y(u) be the second derivative of u**5/60 - u**4/4 + u**3 + u**2 + 2*u. Let b(o) be the first derivative of y(o). What is b(5)?
1
Let i(j) = -j - 1. Suppose -2*d = -5*d. Let b be (-1 + 1)*(d - 1). Give i(b).
-1
Let n(k) = k**2 - k + 1. Let g = 5 - 2. Let f(b) = 2*b**2 - 9*b - 1. Let u(r) = g*n(r) - f(r). Let l(v) = 7*v + 38. Let h be l(-6). Determine u(h).
-4
Let z(m) = 4*m - 2. Let g be (-3 - 4/(-4)) + (-2 - -6). Give z(g).
6
Let m(s) be the first derivative of -s**5/120 - s**4/24 + s**3/3 + 3. Let v(w) be the third derivative of m(w). Calculate v(1).
-2
Let v(x) be the third derivative of 0 - 1/6*x**3 - 4*x**2 + 0*x + 1/24*x**4. Give v(-1).
-2
Let f(t) be the third derivative of 0*t - 1/24*t**4 + 1/3*t**3 + t**2 + 0. What is f(-5)?
7
Suppose 5*l - 2*m = -2, -5*m + 0*m = -3*l - 5. Let d(u) = 2 + 1 - u + l. Suppose 0 = -3*i - 3 - 6. What is d(i)?
6
Let g(d) = d**2 - 7*d - 2. Let n(j) = -7*j - 3. Let m(y) = -2*g(y) + 3*n(y). Let q be (-20)/6*(-6)/(-5). Give m(q).
-9
Let s(o) = o**2 + 2*o + 1. Let x be (3/6)/((-11)/88). Determine s(x).
9
Let l(i) = -i**2 + i - 1. Suppose 4*c + 0 + 4 = 0. Let n be (-2 + 0 - c) + 1. What is l(n)?
-1
Let a(w) be the second derivative of -w**6/120 - w**5/12 - w**4/8 - 2*w**3/3 + 4*w**2 - 6*w. Let s(x) be the first derivative of a(x). Determine s(-4).
-8
Let t(p) = 3*p + 4. Let s be t(-3). Let h be (-3)/(((-60)/(-16))/s). Let c(i) = i - 5. What is c(h)?
-1
Let w(h) be the first derivative of -h**2 + 3*h - 9. Determine w(4).
-5
Let k(h) = 5*h**2. Let y = 5 + 0. Suppose -s - y*r - 4 = 0, 3*r + 2 = r. What is k(s)?
5
Let y(b) be the third derivative of -1/120*b**6 + 0 + 1/24*b**4 - 1/2*b**3 + 1/12*b**5 + 0*b + 2*b**2. Give y(5).
2
Let w(o) = 2*o**3 + 2 - o + 45*o**2 - 24*o**2 - 25*o**2. Determine w(3).
17
Let u(k) = k**3 + 5*k**2 + 2*k + 5. Let c(f) = f - 1. Let t be c(-4). Determine u(t).
-5
Let m(n) be the second derivative of -n**7/2520 + n**6/120 + n**5/120 - n**4/4 - 2*n. Let z(y) be the third derivative of m(y). What is z(6)?
1
Let j(g) = 11*g + 1. Let u = 9 + -8. Determine j(u).
12
Let b(k) = k + 1. Let c be b(-3). Let r(t) = t**2. What is r(c)?
4
Let m(v) be the second derivative of v**4/2 + 38*v. What is m(-1)?
6
Let c(l) = 4*l - 1. Let n(d) be the first derivative of -6*d**2 + 3*d + 2. Let j = -4 + 10. Let q(o) = j*n(o) + 17*c(o). What is q(1)?
-3
Let k(q) = -q**3 + 2*q**2 + 4*q - 3. Let o be 5*3*1/5. Determine k(o).
0
Let j(u) be the second derivative of -u**3/6 + 5*u. Let d(a) = a**2 + 5*a - 1. Let w be d(-5). What is j(w)?
1
Suppose -15 = -2*v - v. Let m(d) = -d**3 + 5*d**2 + d - 5. Let u be m(v). Let s = 3 + u. Let n(r) = r**2 - 4. What is n(s)?
5
Let l(y) = -6*y**3 - 1. Let b(h) = -h**3 + 4*h**2 + h - 3. Let r be b(4). Calculate l(r).
-7
Suppose -18 = -4*j + 6. Let s(q) = -5*q - 8. Let y(f) = 12 - 7*f + 6 + 21*f + 5. Let t(h) = -17*s(h) - 6*y(h). What is t(j)?
4
Let a(g) be the third derivative of 2*g**2 - 1/60*g**5 + 7/24*g**4 + 0 - 4/3*g**3 + 0*g. Calculate a(6).
-2
Let s(f) be the first derivative of 2 + 0*f + f**4 + 1/2*f**2 - 2/3*f**3. Determine s(1).
3
Let z(i) be the second derivative of i**5/20 - i**4/4 - 5*i**3/6 + i**2 + 21*i. What is z(3)?
-13
Let v(j) = -j - 5. Let s be v(-7). Let b(t) = 4 + 3*t + 3*t**s - 3 - 2*t**2 - t. What is b(-1)?
0
Let f(a) = -2*a + 1. Let q be -2*(15/6 + -4). Let n be 15*(7/q - 2). Calculate f(n).
-9
Let r(b) be the third derivative of -b**5/30 - b**4/8 + b**3/2 - 5*b**2. Let x(l) be the first derivative of l + 1. Let u(i) = -r(i) + 6*x(i). Determine u(-2).
5
Suppose 0 = -4*i - 0*i + 16. Let j(o) = -7*o - 3. Let a(n) = 4*n + 1. Let t(y) = -5*a(y) - 3*j(y). What is t(i)?
8
Let s(r) = -1. Let u(w) = -w + 2. Let a(c) = 3*s(c) + u(c). Let i be 18/(-3)*4/6. Determine a(i).
3
Let o(j) be the first derivative of j**3/3 - j**2/2 + 5*j + 2. Let x(g) = -g**3 - g**2 + g. Let s be x(0). Determine o(s).
5
Let a(i) = -2*i**2 + 9*i - 1. Let b be a(5). Let c(h) = -h**3 - 6*h**2 + 3*h + 3. What is c(b)?
-15
Let p(o) = -o**2 + 3*o. Let t be p(2). Let w(k) = 5*k - k**t - 9 + 9. Calculate w(6).
-6
Let a(o) = o**2 + o + 1. Let x(n) = 3*n**2 - 2*n + 3. Suppose -5 = 5*j + 5. Suppose 2*p - 2 + 0 = 0. Let r(d) = j*a(d) + p*x(d). Determine r(4).
1
Let c be (-36)/(-15) - 6/15. Let m be 6/(-4) - c/(-4). Let w(p) = -5*p**3 + p**2. Calculate w(m).
6
Suppose 0 = -5*r - 25, 4 + 17 = -3*w - 3*r. Let p(o) = o**2 + 3*o + 6. Let s(i) = 3*i - 2*i + 3*i + 3 - 3*i. Let u(c) = -3*p(c) + 5*s(c). Calculate u(w).
-7
Let t(z) = z**3 - 6*z**2 + 5*z + 7. Suppose 3*q - 12 = -q. Suppose -1 = d + q. Let x = 9 + d. What is t(x)?
7
Let z(c) = -c**3 + c**2 + c - 4. Suppose -3*j = 3*r + j - 9, 5*j = 4*r + 19. Let h = 2 + r. Let t be 2*h + (-4 - -2). Determine z(t).
-4
Let q(j) = 2*j**2 - j. Let r = 23 - 22. Let k be (-2 - -2) + (r - 2). Give q(k).
3
Let y be -3 - (-4 + 3)*3. Let w(z) = z**3 - z**2 - 7. Calculate w(y).
-7
Suppose -3 = -2*l + 3*l. Let i(w) be the second derivative of 0*w**2 + 1/6*w**3 + 0 - 8*w + 1/12*w**4. What is i(l)?
6
Let f(x) be the second derivative of x**5/20 + x**4/3 + x**3/2 + 2*x**2 + 4*x. Calculate f(-3).
4
Let s = 6 - 4. Let k(q) = 4*q + 0 - 5 + s + 5. What is k(-2)?
-6
Let u(n) = -n + 1. Let d(g) = 2*g**2 + g**2 - 2*g**2 + 0*g**2 - 2. Let j be d(-2). Suppose q + 2 = j*r - q, 0 = 5*r - 4*q - 4. Determine u(r).
1
Let c(x) = x**2 + 4*x. Let d(m) = 3*m + 2. Let y be d(-2). Give c(y).
0
Let t(n) = -n + 2. Suppose 0 = 3*l - 10 - 5. Let g = 8 - l. Let f be (g + (-2 - 0))*-2. Determine t(f).
4
Let l(g) = -g**3 - 8*g**2 - 7*g. Let h(t) = t**3 - 5*t**2 - 8. Let d be h(6). Let q be (-48)/(-32)*d/(-6). Determine l(q).
0
Let u(n) = n**2 - n - 5. Let p be (12/3 - -1)/1. Let s = p + -5. Suppose 3*d + 2*g - 2 = s, -3*d = -2*g + 2 - 0. Determine u(d).
-5
Suppose -4*x - 42 = -5*a, 3*x = -0*a - 2*a + 3. Let z(l) = -a*l + 3*l + 1 + 2*l + 0*l. Determine z(4).
-3
Suppose -c - 5 = -3*g, 0 = 3*c + 3*g + 2*g + 1. Let u(v) be the third derivative of 0 - 1/6*v**3 - 1/24*v**4 - 1/60*v**5 + 0*v - v**2. Calculate u(c).
-3
Suppose 0 = -5*g - 20 - 20. Let i be 1/(2/(2 + g)). Let k(a) = -a**3 - 4*a**2 - 5*a - 3. Determine k(i).
3
Suppose -6 = -3*s - 3*o, 4*s - 35 = 8*o - 3*o. Suppose -3 - 2 = -s*m. Suppose 4*i - 4*n - 3 = 1, i - 4*n = m. Let p(k) = 4*k**2 - 1. Calculate p(i).
3
Let y(v) = v**3 - 3*v**2 - v - 2. Let r(c) = -c**3 + 17*c**2 + 19*c - 15. Let m be r(18). Calculate y(m).
-5
Let j(n) be the first derivative of n**4/4 - 8*n**3/3 + 9*n**2/2 - 5*n - 14. Determine j(7).
9
Let v(g) = 0*g**2 - g**2 + 4*g - 8*g + 0*g**2 + 3. Give v(-5).
-2
Let u(i) be the second derivative of -i**4/12 + 5*i**3/6 + 3*i**2/2 - 48*i. Determine u(3).
9
Let h(n) = -2*n**2 + 7*n - 2. Let q(b) = 2*b**2 - 6*b + 2. Let s(z) = 3*h(z) + 4*q(z). Give s(2).
4
Let u(a) be the second derivative of a**5/20 + a**4/3 + a**3/2 + a**2/2 + 2*a. Calculate u(-4).
-11
Let b be -5 + 3/6*0. Let p(t) be the third derivative of -t**5/60 - t**4/3 - 7*t**3/6 + 20*t**2. What is p(b)?
8
Let o(d) = -d - 2. Let w be 85/15 - (-3)/9. What is o(w)?
-8
Suppose -2*o - 36 = -0*o. Let h = 13 + o. Let u(i) = -5 + 5*i - 11*i + 5*i. Give u(h).
0
Let w(m) be the first derivative of m**4/12 + 5*m**3/6 + m + 2. Let p(y) be the first derivative of w(y). Suppose 12 + 24 = -6*o. Give p(o).
6
Let n = 10 - 6. Let h be (-1)/n - (-4)/16. Let y(i) = i**3 - i - 7. What is y(h)?
-7
Let c(q) be the third derivative of q**4/12 - q**3/6 - 19*q**2. What is c(-1)?
-3
Let f(i) be the second derivative of -i**5/20 - 5*i**4/12 - i**3/3 - i**2/2 + 2*i. Let o = 24 - 40. Let d = -20 - o. Determine f(d).
-9
Let n(o) be the first derivative of o**4/4 + 5*o**3/3 - 9*o**2/2 - 7*o + 13. What is n(-6)?
11
Let d be (-4 - 1)*-1 - -1. Let b(r) = -3 + 2*r + 3*r - d*r. Determine b(-3).
0
Let j(u) = 1. Let c(g) = -g**2 + 4*g + 2. Let h(s) = c(s) - 2*j(s). Let t = -53 - -29. Let y =